{"id":101,"date":"2021-03-30T11:41:37","date_gmt":"2021-03-30T09:41:37","guid":{"rendered":"http:\/\/emmausvannes.org\/?page_id=101"},"modified":"2021-07-20T10:47:50","modified_gmt":"2021-07-20T08:47:50","slug":"le-reemploi","status":"publish","type":"page","link":"https:\/\/emmausvannes.org\/index.php\/le-reemploi\/","title":{"rendered":"Le r\u00e9emploi"},"content":{"rendered":"\n<div class=\"wp-block-image\"><figure class=\"aligncenter size-large\"><img loading=\"lazy\" decoding=\"async\" width=\"1024\" height=\"683\" src=\"http:\/\/emmausvannes.org\/wp-content\/uploads\/2021\/04\/DSC1553-1024x683.jpg\" alt=\"acheter_emmaus_vannes2\" class=\"wp-image-235\" srcset=\"https:\/\/emmausvannes.org\/wp-content\/uploads\/2021\/04\/DSC1553-1024x683.jpg 1024w, https:\/\/emmausvannes.org\/wp-content\/uploads\/2021\/04\/DSC1553-300x200.jpg 300w, https:\/\/emmausvannes.org\/wp-content\/uploads\/2021\/04\/DSC1553-768x512.jpg 768w, https:\/\/emmausvannes.org\/wp-content\/uploads\/2021\/04\/DSC1553-391x260.jpg 391w, https:\/\/emmausvannes.org\/wp-content\/uploads\/2021\/04\/DSC1553-1536x1025.jpg 1536w, https:\/\/emmausvannes.org\/wp-content\/uploads\/2021\/04\/DSC1553-2048x1366.jpg 2048w, https:\/\/emmausvannes.org\/wp-content\/uploads\/2021\/04\/DSC1553-450x300.jpg 450w\" sizes=\"auto, (max-width: 1024px) 100vw, 1024px\" \/><\/figure><\/div>\n\n\n\n<p><strong>Un don \u00e0 Emma\u00fcs, un acte de solidarit\u00e9<\/strong>&nbsp;<\/p>\n\n\n\n<p>Comme l\u2019on fait les premi\u00e8res communaut\u00e9 Emma\u00fcs, les dons de toutes natures qui sont faits \u00e0 Emma\u00fcs pays de Vannes servent \u00e0 faire vivre notre communaut\u00e9. Les objets donn\u00e9s sont tri\u00e9s, si possible remis en \u00e9tat pour \u00eatre vendus \u00e0 des prix accessible \u00e0 tous.&nbsp;Le fruit de ces ventes&nbsp;permet un accueil digne pour une quarantaine de compagnes et compagnons, et une dizaine d\u2019enfants.&nbsp;L\u2019exc\u00e9dent est&nbsp;utilis\u00e9 pour des actions de solidarit\u00e9, locales, nationales ou internationales perp\u00e9tuant ainsi la demande de l\u2019Abb\u00e9 Pierre \u00e0 son premier compagnon \u00ab\u202fViens m\u2019aider \u00e0 Aider\u202f\u00bb&nbsp;<\/p>\n\n\n\n<p><strong>Un don \u00e0 Emma\u00fcs, un acte pour la plan\u00e8te.<\/strong>&nbsp;<\/p>\n\n\n\n<p>Chaque ann\u00e9e, Emma\u00fcs Pays de Vannes r\u00e9cup\u00e8re des milliers d&rsquo;objets&nbsp;qui auraient \u00e9t\u00e9 d\u00e9laiss\u00e9s&nbsp;: meubles, \u00e9lectrom\u00e9nagers, livres,&nbsp;\u00e9quipements&nbsp;\u00e9lectroniques&nbsp;etc&nbsp;\u2026A Emma\u00fcs ils sont remis en \u00e9tat et test\u00e9s par les compagnes et compagnons&nbsp;avant leur mise en&nbsp;vente dans nos magasins.&nbsp;Gr\u00e2ce \u00e0 cela, nous participons activement \u00e0 la r\u00e9duction des d\u00e9chets et acqu\u00e9rons une mani\u00e8re plus r\u00e9fl\u00e9chie de consommer.<strong>&nbsp;<\/strong>Ce qui ne peut \u00eatre vendus est dirig\u00e9 vers les structures de traitement adapt\u00e9es.&nbsp;&nbsp;<\/p>\n\n\n\n<p><strong>Un don \u00e0 Emma\u00fcs, un acte&nbsp;d\u2019humanit\u00e9<\/strong>&nbsp;<\/p>\n\n\n\n<p>Au travers de leurs activit\u00e9s de r\u00e9cup\u00e9ration, de recyclage et de vente,&nbsp;les groupes Emma\u00fcs&nbsp;m\u00e8nent une action d&rsquo;insertion sociale et professionnelle en&nbsp;permettant \u00e0 des hommes et des femmes de regagner par le travail, dignit\u00e9 et espoir.&nbsp;<\/p>\n","protected":false},"excerpt":{"rendered":"<p>Un don \u00e0 Emma\u00fcs, un acte de solidarit\u00e9&nbsp; Comme l\u2019on fait les premi\u00e8res communaut\u00e9 Emma\u00fcs, les dons de toutes natures qui sont faits \u00e0 Emma\u00fcs&hellip;<\/p>\n","protected":false},"author":2,"featured_media":0,"parent":0,"menu_order":0,"comment_status":"closed","ping_status":"closed","template":"","meta":{"_monsterinsights_skip_tracking":false,"_monsterinsights_sitenote_active":false,"_monsterinsights_sitenote_note":"","_monsterinsights_sitenote_category":0,"footnotes":""},"class_list":["post-101","page","type-page","status-publish","hentry"],"yoast_head":"<!-- This site is optimized with the Yoast SEO plugin v26.3 - https:\/\/yoast.com\/wordpress\/plugins\/seo\/ -->\n<title>Le r\u00e9emploi - Emma\u00fcs Pays de Vannes<\/title>\n<meta name=\"description\" content=\"Emma\u00fcs Pays de Vannes r\u00e9cup\u00e8re des milliers d&#039;objets qui auraient \u00e9t\u00e9 d\u00e9laiss\u00e9s. Ils sont remis en \u00e9tat par les compagnes et compagnons avant leur mise en vente dans nos magasins.\" \/>\n<meta name=\"robots\" content=\"index, follow, max-snippet:-1, max-image-preview:large, max-video-preview:-1\" \/>\n<link rel=\"canonical\" href=\"https:\/\/emmausvannes.org\/index.php\/le-reemploi\/\" \/>\n<meta property=\"og:locale\" content=\"fr_FR\" \/>\n<meta property=\"og:type\" content=\"article\" \/>\n<meta property=\"og:title\" content=\"Le r\u00e9emploi - Emma\u00fcs Pays de Vannes\" \/>\n<meta property=\"og:description\" content=\"Emma\u00fcs Pays de Vannes r\u00e9cup\u00e8re des milliers d&#039;objets qui auraient \u00e9t\u00e9 d\u00e9laiss\u00e9s. Ils sont remis en \u00e9tat par les compagnes et compagnons avant leur mise en vente dans nos magasins.\" \/>\n<meta property=\"og:url\" content=\"https:\/\/emmausvannes.org\/index.php\/le-reemploi\/\" \/>\n<meta property=\"og:site_name\" content=\"Emma\u00fcs Pays de Vannes\" \/>\n<meta property=\"article:publisher\" content=\"https:\/\/www.facebook.com\/emmausvannes56\" \/>\n<meta property=\"article:modified_time\" content=\"2021-07-20T08:47:50+00:00\" \/>\n<meta property=\"og:image\" content=\"http:\/\/emmausvannes.org\/wp-content\/uploads\/2021\/04\/DSC1553-1024x683.jpg\" \/>\n<meta name=\"twitter:card\" content=\"summary_large_image\" \/>\n<meta name=\"twitter:label1\" content=\"Dur\u00e9e de lecture estim\u00e9e\" \/>\n\t<meta name=\"twitter:data1\" content=\"2 minutes\" \/>\n<script type=\"application\/ld+json\" class=\"yoast-schema-graph\">{\"@context\":\"https:\/\/schema.org\",\"@graph\":[{\"@type\":\"WebPage\",\"@id\":\"https:\/\/emmausvannes.org\/index.php\/le-reemploi\/\",\"url\":\"https:\/\/emmausvannes.org\/index.php\/le-reemploi\/\",\"name\":\"Le r\u00e9emploi - Emma\u00fcs Pays de Vannes\",\"isPartOf\":{\"@id\":\"https:\/\/emmausvannes.org\/#website\"},\"primaryImageOfPage\":{\"@id\":\"https:\/\/emmausvannes.org\/index.php\/le-reemploi\/#primaryimage\"},\"image\":{\"@id\":\"https:\/\/emmausvannes.org\/index.php\/le-reemploi\/#primaryimage\"},\"thumbnailUrl\":\"http:\/\/emmausvannes.org\/wp-content\/uploads\/2021\/04\/DSC1553-1024x683.jpg\",\"datePublished\":\"2021-03-30T09:41:37+00:00\",\"dateModified\":\"2021-07-20T08:47:50+00:00\",\"description\":\"Emma\u00fcs Pays de Vannes r\u00e9cup\u00e8re des milliers d'objets qui auraient \u00e9t\u00e9 d\u00e9laiss\u00e9s. Ils sont remis en \u00e9tat par les compagnes et compagnons avant leur mise en vente dans nos magasins.\",\"breadcrumb\":{\"@id\":\"https:\/\/emmausvannes.org\/index.php\/le-reemploi\/#breadcrumb\"},\"inLanguage\":\"fr-FR\",\"potentialAction\":[{\"@type\":\"ReadAction\",\"target\":[\"https:\/\/emmausvannes.org\/index.php\/le-reemploi\/\"]}]},{\"@type\":\"ImageObject\",\"inLanguage\":\"fr-FR\",\"@id\":\"https:\/\/emmausvannes.org\/index.php\/le-reemploi\/#primaryimage\",\"url\":\"https:\/\/emmausvannes.org\/wp-content\/uploads\/2021\/04\/DSC1553.jpg\",\"contentUrl\":\"https:\/\/emmausvannes.org\/wp-content\/uploads\/2021\/04\/DSC1553.jpg\",\"width\":2500,\"height\":1668,\"caption\":\"acheter_emmaus_vannes2\"},{\"@type\":\"BreadcrumbList\",\"@id\":\"https:\/\/emmausvannes.org\/index.php\/le-reemploi\/#breadcrumb\",\"itemListElement\":[{\"@type\":\"ListItem\",\"position\":1,\"name\":\"Accueil\",\"item\":\"https:\/\/emmausvannes.org\/\"},{\"@type\":\"ListItem\",\"position\":2,\"name\":\"Le r\u00e9emploi\"}]},{\"@type\":\"WebSite\",\"@id\":\"https:\/\/emmausvannes.org\/#website\",\"url\":\"https:\/\/emmausvannes.org\/\",\"name\":\"Emma\u00fcs Pays de Vannes\",\"description\":\"\",\"publisher\":{\"@id\":\"https:\/\/emmausvannes.org\/#organization\"},\"potentialAction\":[{\"@type\":\"SearchAction\",\"target\":{\"@type\":\"EntryPoint\",\"urlTemplate\":\"https:\/\/emmausvannes.org\/?s={search_term_string}\"},\"query-input\":{\"@type\":\"PropertyValueSpecification\",\"valueRequired\":true,\"valueName\":\"search_term_string\"}}],\"inLanguage\":\"fr-FR\"},{\"@type\":\"Organization\",\"@id\":\"https:\/\/emmausvannes.org\/#organization\",\"name\":\"Communaut\u00e9 Emma\u00fcs pays de Vannes\",\"url\":\"https:\/\/emmausvannes.org\/\",\"logo\":{\"@type\":\"ImageObject\",\"inLanguage\":\"fr-FR\",\"@id\":\"https:\/\/emmausvannes.org\/#\/schema\/logo\/image\/\",\"url\":\"https:\/\/emmausvannes.org\/wp-content\/uploads\/2021\/04\/Logo.png\",\"contentUrl\":\"https:\/\/emmausvannes.org\/wp-content\/uploads\/2021\/04\/Logo.png\",\"width\":751,\"height\":624,\"caption\":\"Communaut\u00e9 Emma\u00fcs pays de Vannes\"},\"image\":{\"@id\":\"https:\/\/emmausvannes.org\/#\/schema\/logo\/image\/\"},\"sameAs\":[\"https:\/\/www.facebook.com\/emmausvannes56\"]}]}<\/script>\n<!-- \/ Yoast SEO plugin. -->","yoast_head_json":{"title":"Le r\u00e9emploi - Emma\u00fcs Pays de Vannes","description":"Emma\u00fcs Pays de Vannes r\u00e9cup\u00e8re des milliers d'objets qui auraient \u00e9t\u00e9 d\u00e9laiss\u00e9s. Ils sont remis en \u00e9tat par les compagnes et compagnons avant leur mise en vente dans nos magasins.","robots":{"index":"index","follow":"follow","max-snippet":"max-snippet:-1","max-image-preview":"max-image-preview:large","max-video-preview":"max-video-preview:-1"},"canonical":"https:\/\/emmausvannes.org\/index.php\/le-reemploi\/","og_locale":"fr_FR","og_type":"article","og_title":"Le r\u00e9emploi - Emma\u00fcs Pays de Vannes","og_description":"Emma\u00fcs Pays de Vannes r\u00e9cup\u00e8re des milliers d'objets qui auraient \u00e9t\u00e9 d\u00e9laiss\u00e9s. Ils sont remis en \u00e9tat par les compagnes et compagnons avant leur mise en vente dans nos magasins.","og_url":"https:\/\/emmausvannes.org\/index.php\/le-reemploi\/","og_site_name":"Emma\u00fcs Pays de Vannes","article_publisher":"https:\/\/www.facebook.com\/emmausvannes56","article_modified_time":"2021-07-20T08:47:50+00:00","og_image":[{"url":"http:\/\/emmausvannes.org\/wp-content\/uploads\/2021\/04\/DSC1553-1024x683.jpg","type":"","width":"","height":""}],"twitter_card":"summary_large_image","twitter_misc":{"Dur\u00e9e de lecture estim\u00e9e":"2 minutes"},"schema":{"@context":"https:\/\/schema.org","@graph":[{"@type":"WebPage","@id":"https:\/\/emmausvannes.org\/index.php\/le-reemploi\/","url":"https:\/\/emmausvannes.org\/index.php\/le-reemploi\/","name":"Le r\u00e9emploi - Emma\u00fcs Pays de Vannes","isPartOf":{"@id":"https:\/\/emmausvannes.org\/#website"},"primaryImageOfPage":{"@id":"https:\/\/emmausvannes.org\/index.php\/le-reemploi\/#primaryimage"},"image":{"@id":"https:\/\/emmausvannes.org\/index.php\/le-reemploi\/#primaryimage"},"thumbnailUrl":"http:\/\/emmausvannes.org\/wp-content\/uploads\/2021\/04\/DSC1553-1024x683.jpg","datePublished":"2021-03-30T09:41:37+00:00","dateModified":"2021-07-20T08:47:50+00:00","description":"Emma\u00fcs Pays de Vannes r\u00e9cup\u00e8re des milliers d'objets qui auraient \u00e9t\u00e9 d\u00e9laiss\u00e9s. Ils sont remis en \u00e9tat par les compagnes et compagnons avant leur mise en vente dans nos magasins.","breadcrumb":{"@id":"https:\/\/emmausvannes.org\/index.php\/le-reemploi\/#breadcrumb"},"inLanguage":"fr-FR","potentialAction":[{"@type":"ReadAction","target":["https:\/\/emmausvannes.org\/index.php\/le-reemploi\/"]}]},{"@type":"ImageObject","inLanguage":"fr-FR","@id":"https:\/\/emmausvannes.org\/index.php\/le-reemploi\/#primaryimage","url":"https:\/\/emmausvannes.org\/wp-content\/uploads\/2021\/04\/DSC1553.jpg","contentUrl":"https:\/\/emmausvannes.org\/wp-content\/uploads\/2021\/04\/DSC1553.jpg","width":2500,"height":1668,"caption":"acheter_emmaus_vannes2"},{"@type":"BreadcrumbList","@id":"https:\/\/emmausvannes.org\/index.php\/le-reemploi\/#breadcrumb","itemListElement":[{"@type":"ListItem","position":1,"name":"Accueil","item":"https:\/\/emmausvannes.org\/"},{"@type":"ListItem","position":2,"name":"Le r\u00e9emploi"}]},{"@type":"WebSite","@id":"https:\/\/emmausvannes.org\/#website","url":"https:\/\/emmausvannes.org\/","name":"Emma\u00fcs Pays de Vannes","description":"","publisher":{"@id":"https:\/\/emmausvannes.org\/#organization"},"potentialAction":[{"@type":"SearchAction","target":{"@type":"EntryPoint","urlTemplate":"https:\/\/emmausvannes.org\/?s={search_term_string}"},"query-input":{"@type":"PropertyValueSpecification","valueRequired":true,"valueName":"search_term_string"}}],"inLanguage":"fr-FR"},{"@type":"Organization","@id":"https:\/\/emmausvannes.org\/#organization","name":"Communaut\u00e9 Emma\u00fcs pays de Vannes","url":"https:\/\/emmausvannes.org\/","logo":{"@type":"ImageObject","inLanguage":"fr-FR","@id":"https:\/\/emmausvannes.org\/#\/schema\/logo\/image\/","url":"https:\/\/emmausvannes.org\/wp-content\/uploads\/2021\/04\/Logo.png","contentUrl":"https:\/\/emmausvannes.org\/wp-content\/uploads\/2021\/04\/Logo.png","width":751,"height":624,"caption":"Communaut\u00e9 Emma\u00fcs pays de Vannes"},"image":{"@id":"https:\/\/emmausvannes.org\/#\/schema\/logo\/image\/"},"sameAs":["https:\/\/www.facebook.com\/emmausvannes56"]}]}},"_links":{"self":[{"href":"https:\/\/emmausvannes.org\/index.php\/wp-json\/wp\/v2\/pages\/101","targetHints":{"allow":["GET"]}}],"collection":[{"href":"https:\/\/emmausvannes.org\/index.php\/wp-json\/wp\/v2\/pages"}],"about":[{"href":"https:\/\/emmausvannes.org\/index.php\/wp-json\/wp\/v2\/types\/page"}],"author":[{"embeddable":true,"href":"https:\/\/emmausvannes.org\/index.php\/wp-json\/wp\/v2\/users\/2"}],"replies":[{"embeddable":true,"href":"https:\/\/emmausvannes.org\/index.php\/wp-json\/wp\/v2\/comments?post=101"}],"version-history":[{"count":4,"href":"https:\/\/emmausvannes.org\/index.php\/wp-json\/wp\/v2\/pages\/101\/revisions"}],"predecessor-version":[{"id":541,"href":"https:\/\/emmausvannes.org\/index.php\/wp-json\/wp\/v2\/pages\/101\/revisions\/541"}],"wp:attachment":[{"href":"https:\/\/emmausvannes.org\/index.php\/wp-json\/wp\/v2\/media?parent=101"}],"curies":[{"name":"wp","href":"https:\/\/api.w.org\/{rel}","templated":true}]}}