{"id":70,"date":"2021-03-30T11:07:41","date_gmt":"2021-03-30T09:07:41","guid":{"rendered":"http:\/\/emmausvannes.org\/?page_id=70"},"modified":"2025-02-28T15:32:12","modified_gmt":"2025-02-28T14:32:12","slug":"lhistoire-des-communautes-emmaus","status":"publish","type":"page","link":"https:\/\/emmausvannes.org\/index.php\/lhistoire-des-communautes-emmaus\/","title":{"rendered":"L&rsquo;histoire des communaut\u00e9s Emma\u00fcs"},"content":{"rendered":"\n<p><strong>Emma\u00fcs, un nouveau d\u00e9part<\/strong><\/p>\n\n\n\n<p>O\u00f9 trouver un endroit pour rebondir ? A Emma\u00fcs. Emma\u00fcs n\u2019est pas seulement un endroit pour donner, pour chiner\u2026 mais aussi un lieu pour certains de trouver un endroit r\u00e9confortant, mais aussi un travail ou une activit\u00e9. Une maison o\u00f9 l\u2019on peut s\u2019int\u00e9grer tout en apprenant \u00e0 conduire, \u00e0 r\u00e9parer, \u00e0 recoudre, \u00e0 raccommoder, \u00e0 refaire fonctionner.<\/p>\n\n\n\n<p><strong>D\u2019o\u00f9 vient cette institution ?<\/strong><\/p>\n\n\n\n<p>L\u2019abb\u00e9 Pierre a lanc\u00e9 un appel en 1954 lors d\u2019un hiver particuli\u00e8rement froid et mortel pour des centaines de personnes dans la rue. Les dons \u00e9taient tellement importants qu&rsquo;il fallait un centre pour trier et pour stocker. C\u2019est d&rsquo;abord dans la maison de l\u2019abb\u00e9 Pierre, qu\u2019il a g\u00e9n\u00e9reusement mise \u00e0 disposition, que les b\u00e9n\u00e9voles ont commenc\u00e9 \u00e0 aider. C\u2019est ainsi qu\u2019est n\u00e9e l&rsquo;association Emma\u00fcs. Emma\u00fcs grandit un peu partout en France, mais pas seulement : Emma\u00fcs est pr\u00e9sent dans 37 pays avec 350 associations.<\/p>\n\n\n\n<p><strong>L\u2019insertion par le travail<\/strong> <\/p>\n\n\n\n<p>Emma\u00fcs propose des structures pour l\u2019insertion des personnes au monde du travail. Les contrats sont \u00e0 dur\u00e9e d\u00e9termin\u00e9e sous contrat aid\u00e9. Objectif : valoriser les comp\u00e9tences de chacun pour trouver \u00e0 terme un travail plus stable.<\/p>\n\n\n\n<p><strong>Un peu d\u2019histoire<\/strong><strong><\/strong><\/p>\n\n\n\n<p>En 1947, l\u2019abb\u00e9 Pierre a cr\u00e9\u00e9 dans sa maison \u00e0 Neuilly Plaisance une auberge de jeunesse qui est devenue au fur et \u00e0 mesure un centre d\u2019aide pour les plus pauvres. R\u00e9sistant actif lors de la seconde guerre mondiale, l\u2019abb\u00e9 Pierre est recherch\u00e9 par la Gestapo. C\u2019est alors qu\u2019il rencontre Lucie Coutaz qui le cache sous une fausse identit\u00e9. Elle deviendra par la suite sa secr\u00e9taire et co-fondatrice d\u2019Emma\u00fcs. Elle dirigera le mouvement Emma\u00fcs, en consacrant toute sa vie.<\/p>\n\n\n\n<p>Un jour l&rsquo;abb\u00e9 Pierre fait connaissance de Georges, un ancien bagnard qui voulait se suicider. L\u2019abb\u00e9 lui a sugg\u00e9r\u00e9 de l\u2019aider : \u00ab Je ne peux rien te donner. Mais, toi qui n\u2019as rien, au lieu de mourir, viens m\u2019aider \u00e0 aider \u00bb. C\u2019est devenu son premier \u00ab compagnon \u00bb en 1949.<\/p>\n\n\n\n<p>Plus tard, l\u2019argent commence \u00e0 manquer. Ce sera le d\u00e9but de la r\u00e9cup\u00e9ration et la vente de divers objets. Les compagnons de l\u2019\u00e9poque ont \u00e9t\u00e9 choqu\u00e9s de voir l\u2019abb\u00e9 mendier dans les rues. C&rsquo;est alors qu&rsquo;ils lui ont&nbsp;&nbsp;propos\u00e9 de \u201cbiffer\u201d, c&rsquo;est-\u00e0-dire de r\u00e9cup\u00e9rer des objets dans les poubelles.<\/p>\n\n\n\n<p>En 1954 un hiver glacial s\u2019installe en France. L\u2019abb\u00e9 Pierre s\u2019adresse aux Fran\u00e7ais sur Radio Luxembourg : \u00ab Mes amis, au secours ! Une femme vient de mourir gel\u00e9e cette nuit \u00e0 3 heures, sur le trottoir du boulevard S\u00e9bastopol, serrant sur elle le papier par lequel, avant-hier, on l\u2019avait expuls\u00e9e \u00bb. S\u2019ensuit ensuite \u201cl\u2019insurrection de la bont\u00e9\u201d : es dons affluent que ce soit en nature ou en argent. Gr\u00e2ce \u00e0 cela, l&rsquo;association a pu acqu\u00e9rir un immeuble au 32 rue Bourbonnais \u00e0 Paris qui est actuellement toujours un espace de solidarit\u00e9 et d\u2019insertion pour toutes les personnes en grande pr\u00e9carit\u00e9. Apr\u00e8s de moult m\u00e9andres de l\u2019administration, l\u2019association Emma\u00fcs para\u00eet d\u00e9finitivement au Journal Officiel du 17 mars 1954.<\/p>\n\n\n\n<p><\/p>\n\n\n\n<blockquote class=\"wp-block-quote has-text-align-center is-layout-flow wp-block-quote-is-layout-flow\">\n<p><strong>\u00ab\u00a0Nous avons autant besoin de raisons de vivre que de quoi vivre.\u201d<\/strong><\/p>\n<\/blockquote>\n\n\n\n<p><\/p>\n","protected":false},"excerpt":{"rendered":"<p>Emma\u00fcs, un nouveau d\u00e9part O\u00f9 trouver un endroit pour rebondir ? A Emma\u00fcs. Emma\u00fcs n\u2019est pas seulement un endroit pour donner, pour chiner\u2026 mais aussi&hellip;<\/p>\n","protected":false},"author":2,"featured_media":0,"parent":0,"menu_order":0,"comment_status":"closed","ping_status":"closed","template":"","meta":{"_monsterinsights_skip_tracking":false,"_monsterinsights_sitenote_active":false,"_monsterinsights_sitenote_note":"","_monsterinsights_sitenote_category":0,"footnotes":""},"class_list":["post-70","page","type-page","status-publish","hentry"],"yoast_head":"<!-- This site is optimized with the Yoast SEO plugin v26.3 - https:\/\/yoast.com\/wordpress\/plugins\/seo\/ -->\n<title>L&#039;histoire des communaut\u00e9s Emma\u00fcs - Emma\u00fcs Pays de Vannes<\/title>\n<meta name=\"description\" content=\"L\u2019abb\u00e9 Pierre a lanc\u00e9 un appel en 1954. Les dons \u00e9taient tellement importants qu&#039;il fallait un centre pour trier et pour stocker. C\u2019est d&#039;abord dans la maison de l\u2019abb\u00e9 Pierre, qu\u2019il a g\u00e9n\u00e9reusement mise \u00e0 disposition, que les b\u00e9n\u00e9voles ont commenc\u00e9 \u00e0 aider\" \/>\n<meta name=\"robots\" content=\"index, follow, max-snippet:-1, max-image-preview:large, max-video-preview:-1\" \/>\n<link rel=\"canonical\" href=\"https:\/\/emmausvannes.org\/index.php\/lhistoire-des-communautes-emmaus\/\" \/>\n<meta property=\"og:locale\" content=\"fr_FR\" \/>\n<meta property=\"og:type\" content=\"article\" \/>\n<meta property=\"og:title\" content=\"L&#039;histoire des communaut\u00e9s Emma\u00fcs - Emma\u00fcs Pays de Vannes\" \/>\n<meta property=\"og:description\" content=\"L\u2019abb\u00e9 Pierre a lanc\u00e9 un appel en 1954. Les dons \u00e9taient tellement importants qu&#039;il fallait un centre pour trier et pour stocker. C\u2019est d&#039;abord dans la maison de l\u2019abb\u00e9 Pierre, qu\u2019il a g\u00e9n\u00e9reusement mise \u00e0 disposition, que les b\u00e9n\u00e9voles ont commenc\u00e9 \u00e0 aider\" \/>\n<meta property=\"og:url\" content=\"https:\/\/emmausvannes.org\/index.php\/lhistoire-des-communautes-emmaus\/\" \/>\n<meta property=\"og:site_name\" content=\"Emma\u00fcs Pays de Vannes\" \/>\n<meta property=\"article:publisher\" content=\"https:\/\/www.facebook.com\/emmausvannes56\" \/>\n<meta property=\"article:modified_time\" content=\"2025-02-28T14:32:12+00:00\" \/>\n<meta name=\"twitter:card\" content=\"summary_large_image\" \/>\n<meta name=\"twitter:label1\" content=\"Dur\u00e9e de lecture estim\u00e9e\" \/>\n\t<meta name=\"twitter:data1\" content=\"3 minutes\" \/>\n<script type=\"application\/ld+json\" class=\"yoast-schema-graph\">{\"@context\":\"https:\/\/schema.org\",\"@graph\":[{\"@type\":\"WebPage\",\"@id\":\"https:\/\/emmausvannes.org\/index.php\/lhistoire-des-communautes-emmaus\/\",\"url\":\"https:\/\/emmausvannes.org\/index.php\/lhistoire-des-communautes-emmaus\/\",\"name\":\"L'histoire des communaut\u00e9s Emma\u00fcs - Emma\u00fcs Pays de Vannes\",\"isPartOf\":{\"@id\":\"https:\/\/emmausvannes.org\/#website\"},\"datePublished\":\"2021-03-30T09:07:41+00:00\",\"dateModified\":\"2025-02-28T14:32:12+00:00\",\"description\":\"L\u2019abb\u00e9 Pierre a lanc\u00e9 un appel en 1954. Les dons \u00e9taient tellement importants qu'il fallait un centre pour trier et pour stocker. C\u2019est d'abord dans la maison de l\u2019abb\u00e9 Pierre, qu\u2019il a g\u00e9n\u00e9reusement mise \u00e0 disposition, que les b\u00e9n\u00e9voles ont commenc\u00e9 \u00e0 aider\",\"breadcrumb\":{\"@id\":\"https:\/\/emmausvannes.org\/index.php\/lhistoire-des-communautes-emmaus\/#breadcrumb\"},\"inLanguage\":\"fr-FR\",\"potentialAction\":[{\"@type\":\"ReadAction\",\"target\":[\"https:\/\/emmausvannes.org\/index.php\/lhistoire-des-communautes-emmaus\/\"]}]},{\"@type\":\"BreadcrumbList\",\"@id\":\"https:\/\/emmausvannes.org\/index.php\/lhistoire-des-communautes-emmaus\/#breadcrumb\",\"itemListElement\":[{\"@type\":\"ListItem\",\"position\":1,\"name\":\"Accueil\",\"item\":\"https:\/\/emmausvannes.org\/\"},{\"@type\":\"ListItem\",\"position\":2,\"name\":\"L&rsquo;histoire des communaut\u00e9s Emma\u00fcs\"}]},{\"@type\":\"WebSite\",\"@id\":\"https:\/\/emmausvannes.org\/#website\",\"url\":\"https:\/\/emmausvannes.org\/\",\"name\":\"Emma\u00fcs Pays de Vannes\",\"description\":\"\",\"publisher\":{\"@id\":\"https:\/\/emmausvannes.org\/#organization\"},\"potentialAction\":[{\"@type\":\"SearchAction\",\"target\":{\"@type\":\"EntryPoint\",\"urlTemplate\":\"https:\/\/emmausvannes.org\/?s={search_term_string}\"},\"query-input\":{\"@type\":\"PropertyValueSpecification\",\"valueRequired\":true,\"valueName\":\"search_term_string\"}}],\"inLanguage\":\"fr-FR\"},{\"@type\":\"Organization\",\"@id\":\"https:\/\/emmausvannes.org\/#organization\",\"name\":\"Communaut\u00e9 Emma\u00fcs pays de Vannes\",\"url\":\"https:\/\/emmausvannes.org\/\",\"logo\":{\"@type\":\"ImageObject\",\"inLanguage\":\"fr-FR\",\"@id\":\"https:\/\/emmausvannes.org\/#\/schema\/logo\/image\/\",\"url\":\"https:\/\/emmausvannes.org\/wp-content\/uploads\/2021\/04\/Logo.png\",\"contentUrl\":\"https:\/\/emmausvannes.org\/wp-content\/uploads\/2021\/04\/Logo.png\",\"width\":751,\"height\":624,\"caption\":\"Communaut\u00e9 Emma\u00fcs pays de Vannes\"},\"image\":{\"@id\":\"https:\/\/emmausvannes.org\/#\/schema\/logo\/image\/\"},\"sameAs\":[\"https:\/\/www.facebook.com\/emmausvannes56\"]}]}<\/script>\n<!-- \/ Yoast SEO plugin. -->","yoast_head_json":{"title":"L'histoire des communaut\u00e9s Emma\u00fcs - Emma\u00fcs Pays de Vannes","description":"L\u2019abb\u00e9 Pierre a lanc\u00e9 un appel en 1954. Les dons \u00e9taient tellement importants qu'il fallait un centre pour trier et pour stocker. C\u2019est d'abord dans la maison de l\u2019abb\u00e9 Pierre, qu\u2019il a g\u00e9n\u00e9reusement mise \u00e0 disposition, que les b\u00e9n\u00e9voles ont commenc\u00e9 \u00e0 aider","robots":{"index":"index","follow":"follow","max-snippet":"max-snippet:-1","max-image-preview":"max-image-preview:large","max-video-preview":"max-video-preview:-1"},"canonical":"https:\/\/emmausvannes.org\/index.php\/lhistoire-des-communautes-emmaus\/","og_locale":"fr_FR","og_type":"article","og_title":"L'histoire des communaut\u00e9s Emma\u00fcs - Emma\u00fcs Pays de Vannes","og_description":"L\u2019abb\u00e9 Pierre a lanc\u00e9 un appel en 1954. Les dons \u00e9taient tellement importants qu'il fallait un centre pour trier et pour stocker. C\u2019est d'abord dans la maison de l\u2019abb\u00e9 Pierre, qu\u2019il a g\u00e9n\u00e9reusement mise \u00e0 disposition, que les b\u00e9n\u00e9voles ont commenc\u00e9 \u00e0 aider","og_url":"https:\/\/emmausvannes.org\/index.php\/lhistoire-des-communautes-emmaus\/","og_site_name":"Emma\u00fcs Pays de Vannes","article_publisher":"https:\/\/www.facebook.com\/emmausvannes56","article_modified_time":"2025-02-28T14:32:12+00:00","twitter_card":"summary_large_image","twitter_misc":{"Dur\u00e9e de lecture estim\u00e9e":"3 minutes"},"schema":{"@context":"https:\/\/schema.org","@graph":[{"@type":"WebPage","@id":"https:\/\/emmausvannes.org\/index.php\/lhistoire-des-communautes-emmaus\/","url":"https:\/\/emmausvannes.org\/index.php\/lhistoire-des-communautes-emmaus\/","name":"L'histoire des communaut\u00e9s Emma\u00fcs - Emma\u00fcs Pays de Vannes","isPartOf":{"@id":"https:\/\/emmausvannes.org\/#website"},"datePublished":"2021-03-30T09:07:41+00:00","dateModified":"2025-02-28T14:32:12+00:00","description":"L\u2019abb\u00e9 Pierre a lanc\u00e9 un appel en 1954. Les dons \u00e9taient tellement importants qu'il fallait un centre pour trier et pour stocker. C\u2019est d'abord dans la maison de l\u2019abb\u00e9 Pierre, qu\u2019il a g\u00e9n\u00e9reusement mise \u00e0 disposition, que les b\u00e9n\u00e9voles ont commenc\u00e9 \u00e0 aider","breadcrumb":{"@id":"https:\/\/emmausvannes.org\/index.php\/lhistoire-des-communautes-emmaus\/#breadcrumb"},"inLanguage":"fr-FR","potentialAction":[{"@type":"ReadAction","target":["https:\/\/emmausvannes.org\/index.php\/lhistoire-des-communautes-emmaus\/"]}]},{"@type":"BreadcrumbList","@id":"https:\/\/emmausvannes.org\/index.php\/lhistoire-des-communautes-emmaus\/#breadcrumb","itemListElement":[{"@type":"ListItem","position":1,"name":"Accueil","item":"https:\/\/emmausvannes.org\/"},{"@type":"ListItem","position":2,"name":"L&rsquo;histoire des communaut\u00e9s Emma\u00fcs"}]},{"@type":"WebSite","@id":"https:\/\/emmausvannes.org\/#website","url":"https:\/\/emmausvannes.org\/","name":"Emma\u00fcs Pays de Vannes","description":"","publisher":{"@id":"https:\/\/emmausvannes.org\/#organization"},"potentialAction":[{"@type":"SearchAction","target":{"@type":"EntryPoint","urlTemplate":"https:\/\/emmausvannes.org\/?s={search_term_string}"},"query-input":{"@type":"PropertyValueSpecification","valueRequired":true,"valueName":"search_term_string"}}],"inLanguage":"fr-FR"},{"@type":"Organization","@id":"https:\/\/emmausvannes.org\/#organization","name":"Communaut\u00e9 Emma\u00fcs pays de Vannes","url":"https:\/\/emmausvannes.org\/","logo":{"@type":"ImageObject","inLanguage":"fr-FR","@id":"https:\/\/emmausvannes.org\/#\/schema\/logo\/image\/","url":"https:\/\/emmausvannes.org\/wp-content\/uploads\/2021\/04\/Logo.png","contentUrl":"https:\/\/emmausvannes.org\/wp-content\/uploads\/2021\/04\/Logo.png","width":751,"height":624,"caption":"Communaut\u00e9 Emma\u00fcs pays de Vannes"},"image":{"@id":"https:\/\/emmausvannes.org\/#\/schema\/logo\/image\/"},"sameAs":["https:\/\/www.facebook.com\/emmausvannes56"]}]}},"_links":{"self":[{"href":"https:\/\/emmausvannes.org\/index.php\/wp-json\/wp\/v2\/pages\/70","targetHints":{"allow":["GET"]}}],"collection":[{"href":"https:\/\/emmausvannes.org\/index.php\/wp-json\/wp\/v2\/pages"}],"about":[{"href":"https:\/\/emmausvannes.org\/index.php\/wp-json\/wp\/v2\/types\/page"}],"author":[{"embeddable":true,"href":"https:\/\/emmausvannes.org\/index.php\/wp-json\/wp\/v2\/users\/2"}],"replies":[{"embeddable":true,"href":"https:\/\/emmausvannes.org\/index.php\/wp-json\/wp\/v2\/comments?post=70"}],"version-history":[{"count":7,"href":"https:\/\/emmausvannes.org\/index.php\/wp-json\/wp\/v2\/pages\/70\/revisions"}],"predecessor-version":[{"id":1419,"href":"https:\/\/emmausvannes.org\/index.php\/wp-json\/wp\/v2\/pages\/70\/revisions\/1419"}],"wp:attachment":[{"href":"https:\/\/emmausvannes.org\/index.php\/wp-json\/wp\/v2\/media?parent=70"}],"curies":[{"name":"wp","href":"https:\/\/api.w.org\/{rel}","templated":true}]}}